 prime factors of t*(465/(-10) - -3)*-5?
3, 5, 29
Let r = -7 - 1. Let m(q) = -q**3 - 6*q**2 - 6*q + 10. Let t be m(r). Suppose -4*a = 2*b - b - t, 566 = 3*b + 4*a. List the prime factors of b.
2, 5, 19
List the prime factors of (-7)/((-448)/44248) - ((-15)/8)/(-5).
691
Let v(x) = x**3 - 14*x**2 - 34*x + 45. Suppose i + 785 - 804 = 0. What are the prime factors of v(i)?
2, 7, 43
Let b = 533 + -179. Suppose -5*q - b = -3*m - m, 453 = 5*m - q. List the prime factors of m.
7, 13
Suppose 23 = 5*q + 2*i, 4*q - 18 - 4 = 2*i. Let x(r) = q*r - 28 + 9 + 7*r - 3*r. List the prime factors of x(8).
53
Suppose -75*c = -590 + 215. Let k(t) = t**3 + 5*t**2 + 2. Let f be k(-5). Suppose f*y + y - 205 = -c*x, -8 = 2*x. List the prime factors of y.
3, 5
Let n = 29078 - -13409. List the prime factors of n.
42487
Let h = -4 - -19. Suppose 2*x = 4*k - 6, -4*x = 3*k - 8*k + h. Let b(t) = 113*t**2 - 2*t - 2. List the prime factors of b(k).
113
Suppose -25*u - 230425 = -827300. List the prime factors of u.
5, 191
Let y be (4/3)/((4 - 3)/9). What are the prime factors of (y/(-10))/((-14)/4935)?
3, 47
Let s(d) = d**3 + 5*d**2 - 29*d - 1. Let p be s(6). Suppose -y = 4*o - 22 - p, 3*o = -2*y + 501. What are the prime factors of y?
3, 5, 17
List the prime factors of -298 + 303 + 10*859.
3, 5, 191
Suppose -5*l + 48080 = 2*w - 35138, 0 = 3*w + 18. What are the prime factors of l?
2, 7, 29, 41
Let n be 2/4 + (-15)/2 + 5. Let j be ((-3)/(-5))/(n/(-10)) + 0. What are the prime factors of -2*j/6*-67?
67
Let z = -77371 + 151205. What are the prime factors of z?
2, 19, 29, 67
Suppose -3*z = -3*w + 15, 2*w - z = -3*z + 10. Suppose -w*u - 3*j = -2256, 3*u = 9*j - 4*j + 1374. List the prime factors of u.
3, 151
Let z = -2447 + 1270. Let v = z - -2483. List the prime factors of v.
2, 653
Let l(h) = 27*h - 81. Let b be l(3). Suppose -2313 = -2*r - 0*c - 3*c, b = -3*r - 2*c + 3472. What are the prime factors of r?
2, 3, 193
Let a be (-34)/(-9) + 4/18. Suppose 5*h = 5*l - 4*l + 20, 3*h = -5*l + 12. Suppose l = -u - a*q + 189, -2*u + 326 = -9*q + 4*q. What are the prime factors of u?
173
Let d = -61 + 106. Let p = -43 + d. Suppose 0 = -5*a - 4*v + 586, p*v + v - 468 = -4*a. List the prime factors of a.
2, 3, 19
Suppose -4*p = -c - 14435 + 3197, -2*c = -4*p + 11232. List the prime factors of p.
3, 937
Let b(c) = c**2 + 7*c - 25. Let r be ((-72)/(-10))/(2 + (-31)/15). Let x = 95 + r. What are the prime factors of b(x)?
53
Let v = 80551 + -57218. List the prime factors of v.
23333
Suppose 5*i - 21 = 29. List the prime factors of 15242/18 + i/(-135)*-3.
7, 11
Let r(h) = 119*h**2 + 71*h + 476. What are the prime factors of r(-8)?
2, 3, 11, 19
Let b = -52 + 90. Suppose 0 = -6*z - b - 40. Let s(i) = i**3 + 15*i**2 + 19*i - 3. List the prime factors of s(z).
2, 11
List the prime factors of (-820)/50*412*(-40)/16.
2, 41, 103
Suppose 3*d - 22 + 4 = 0. Let l be (-3)/d - 20/(-8). Suppose 5*c = -i + 4*i - 26, 0 = -i - l*c + 5. List the prime factors of i.
7
Suppose -2*j - 6 = 0, -2*u + 199 + 55 = -4*j. Let f = 367 - u. What are the prime factors of f?
2, 3, 41
What are the prime factors of (-160995)/(-120)*(21 + -5)?
2, 10733
Let b(c) = -2*c - 5 - 1 + 4*c - 3*c. Let a be b(-11). Suppose 0 = -3*p + 2*j - 7*j + 153, 286 = a*p - 2*j. List the prime factors of p.
2, 7
What are the prime factors of (38 - 42) + 18*359?
2, 3229
Suppose -2*d = -100 - 8. Let l(t) = -2*t**2 - 5*t + 35. Let g be l(3). Suppose -78 - d = -g*h. List the prime factors of h.
2, 3, 11
Let v(g) = 4*g**2 - 3*g + 3. Let x be v(1). Suppose -5*t - h = -21, x*h = 3*t - h - 7. Suppose -251 = -t*k + 1. What are the prime factors of k?
3, 7
Let r(q) = -3*q + 60. Let l be r(18). Suppose -13*j + 3080 = -l*j. What are the prime factors of j?
2, 5, 11
Let l(k) = -15*k**3 - 3*k**2 - 3*k - 2. Let i be l(-1). Suppose 3*z + 7 = i. Suppose 2*g + 3*x = 20, 0 = z*g + 2*x + 1 - 25. List the prime factors of g.
2
List the prime factors of 407076/36 + -3*(210/54 + -4).
2, 11, 257
Suppose -3*p - 83076 = -15*p - 10200. What are the prime factors of p?
6073
Let c(u) = u**3 - 5*u**2 - 6*u + 7. Let p be c(6). Suppose -4*m - p = -87. What are the prime factors of (m/15 - 2)/(3/(-234))?
2, 13
Let q(l) = -40*l - 67*l**3 - 6*l**2 + 17*l + 16*l - 2. What are the prime factors of q(-2)?
2, 131
Suppose 24*i = 20*i + 13732. List the prime factors of i.
3433
Let l = -47695 - -77243. List the prime factors of l.
2, 83, 89
Let m(c) = -156*c**3 + 41*c**3 - 77*c**3 - c**2 + 3 - 2*c + 5*c. What are the prime factors of m(-1)?
191
Let c = 4186 + 2189. List the prime factors of c.
3, 5, 17
Let q = -4022 + 8012. List the prime factors of q.
2, 3, 5, 7, 19
Let f be 5/(-1) + 15/3. Suppose -164 = -f*o - 2*o. List the prime factors of o.
2, 41
Let r = -21 + 24. Suppose -5*q + 354 = -r*k, 3*q - 59 = 3*k + 157. Suppose -v - v - 122 = -2*z, z - 5*v = q. List the prime factors of z.
59
Suppose 275 + 85 = -9*s. Let g = s + 119. What are the prime factors of g?
79
Let t = 6616 - 995. What are the prime factors of t?
7, 11, 73
Let m be (-5)/1 - (-6 - (4746 + -1)). Suppose -657 = -4*l + 5*j + m, j + 5391 = 4*l. List the prime factors of l.
3, 449
Suppose -v + 11 = -2. Let d be (-6)/(-6)*v/1. Suppose -10*a - 132 = -d*a. What are the prime factors of a?
2, 11
Let j be 4/(-8) - (-1)/2 - -629. Let i = j + 948. List the prime factors of i.
19, 83
Suppose -390 = 5*t - 5*n, -4*t - 208 - 92 = 2*n. Let i be ((-8)/(-1))/(8/t). Let j = 117 + i. List the prime factors of j.
41
Let u(q) = -705*q + 1322. List the prime factors of u(-18).
2, 31, 113
Suppose -7*z + 3*z - 24 = 0. Let j(q) be the second derivative of q**4/2 + q**3/3 + 9*q**2/2 + 1461*q. List the prime factors of j(z).
3, 71
Let u(q) = -14*q - 95. Let s(a) = -14*a - 97. Let v(k) = 3*s(k) - 4*u(k). What are the prime factors of v(33)?
19, 29
What are the prime factors of -85*((-1)/(4/544) - (-2)/2)?
3, 5, 17
Let j(o) = 4*o - 37. Let t be j(11). Suppose 0 = -t*b + 12*b - 385. Let f = 276 - b. What are the prime factors of f?
199
Let v(u) = 2*u**2 - 6*u - 17. Let h be v(5). Suppose -9*s - 2399 = -h*g - 4*s, 3*s = 2*g - 1601. What are the prime factors of g?
2, 101
What are the prime factors of (-1)/(19/(-289068)) - 286/2717?
2, 7607
Let u = -1720 + 2937. What are the prime factors of u?
1217
Suppose -24 = -h + 22. Suppose -462 = 2*i - h. Let t = i + 319. List the prime factors of t.
3, 37
Suppose 2250819 - 12515639 = -324*d + 4979704. What are the prime factors of d?
47051
Let q(u) = -u**3 - 22*u**2 - 24*u + 47. Let r be q(-21). Suppose 2*t - r = -g - 3*t, 4*t - 190 = -2*g. What are the prime factors of g?
5, 17
Suppose 307*v - 12941850 = -105*v - 63*v. List the prime factors of v.
2, 3, 19, 239
Let b = 6056 + -1824. List the prime factors of b.
2, 23
What are the prime factors of (-15)/(-6) - (38532/(-8) - 4)?
7, 13, 53
Let a(r) = -42*r + 24. Let v(y) = -y + 43. Let g(q) = -42. Let n(s) = 5*g(s) + 4*v(s). Let i be n(-8). List the prime factors of a(i).
2, 3, 23
Suppose -15*o = 54 - 144. Suppose -3*h = -o*h + 1575. List the prime factors of h.
3, 5, 7
Let w(n) = -n**3 + 18*n**2 + 88*n + 18. Let x = -670 - -691. What are the prime factors of w(x)?
3, 181
Let g = 20860 - -31922. List the prime factors of g.
2, 3, 19, 463
Suppose -104*o = -66*o - 187454. What are the prime factors of o?
4933
Let f(z) = 8*z**3 - 2*z**2 + 4*z + 5. Let l be f(-1). Let c(o) = -22*o - 55. List the prime factors of c(l).
11, 13
Suppose 0 = -5*g + g + 16. Suppose -15*i - g = -17*i. Suppose i*x + 187 = m, m - 3*x = -4*x + 184. List the prime factors of m.
5, 37
Suppose -u + 5*i = 2239, -3*i + 4478 = 6*u - 8*u. Let a = u + 3326. List the prime factors of a.
1087
Let w = 6124 - -15731. What are the prime factors of w?
3, 5, 31, 47
Let q be ((-27)/5)/(-12 + (-711)/(-60)). Suppose q*l - 68828 + 23360 = 0. What are the prime factors of l?
3, 421
Let r be ((-1970)/(-3))/((-80)/(-120)). Suppose -246*a + 245*a + r = 0. What are the prime factors of a?
5, 197
Suppose -2*n + 9089 + 2964 = -265. List the prime factors of n.
3, 2053
What are the prime factors of 11*43236/66 - -20?
2, 3613
Suppose -5*o = -25, 4*w - 39169 = -2*o + 2369. What are the prime factors of w?
2, 29, 179
Suppose 0 = -2*q + 4, 3*k = 2*q + q - 12. Let w be (-1)/(-3)*k - 2795/(-39). Suppose -w = -4*v + 45. Wha